 - 191702 - 116820 = 20*p. Is p composite?
True
Suppose 2*u + 38 = -2*s, -2*u - 4*s - 9 - 25 = 0. Let a = u + 26. Suppose a*k - 3*k - 1358 = 0. Is k a prime number?
False
Let a(l) = -2*l. Let b(k) = 1361*k - 37. Let d(s) = a(s) - b(s). Is d(-4) prime?
False
Let p(i) = -6819*i**3 + 4*i**2 - i - 1. Let o be p(-2). Let m = o - 32922. Is m composite?
False
Let o(s) = -206*s + 49. Let d be -5*(-21)/(-35)*4. Is o(d) prime?
True
Let c = 11212 - 4856. Let q be 0 - (-5)/(-10)*0. Suppose q = 6*j - c + 1670. Is j a composite number?
True
Let x be (442/(-104) - (-1)/4) + 7105. Suppose 17*j = 8*j + x. Is j a composite number?
True
Let x(u) = -u - 19. Let j be x(-19). Suppose -11*i + 13*i = j. Is (-2)/(i - 3/303) a prime number?
False
Let t(i) be the third derivative of -i**5/60 + 2*i**4/3 + 2*i**3/3 + 9*i**2. Let v be t(16). Suppose 1105 = v*r - 1867. Is r a prime number?
True
Let s(a) = 1888*a**2 + 1955*a + 44. Is s(-18) a prime number?
False
Suppose p - 8 + 0 = 0. Suppose 0*b = -4*b - p, 3*j + 2*b = 16619. Suppose 0 = -4*i + i + j. Is i prime?
True
Let h(k) = k**3 + 52*k**2 - 681*k + 83. Is h(-50) a prime number?
True
Suppose 4*c - 2*l = 8, 0 = c - 3*l + l - 2. Suppose 3*q - 76 = -2*r + 223, -602 = -4*r - c*q. Is -2 + 4/(-8)*-2*r composite?
False
Let p(q) = -8314*q + 901. Is p(-24) a composite number?
False
Let m be 0 + 4/(8/10). Suppose 2870 = m*u + 5*u. Suppose 4*t - u = b, 500 = 5*t - b + 142. Is t a prime number?
True
Suppose 12*u = -98046 + 36798. Let f = 63 - u. Is f a prime number?
True
Is (-98)/686*1*(4 + -2089161) prime?
True
Let f(k) = 1944*k + 701. Is f(12) prime?
True
Suppose r - 4788 = -13*r. Let z = 47 + r. Is z composite?
False
Suppose -283*m + i - 541736 = -288*m, 0 = -3*i + 3. Is m a composite number?
False
Suppose 34*n = 19*n + 60. Suppose 10204 = n*w + 4*f, 5*w + 0*w - 2*f - 12755 = 0. Is w a prime number?
True
Let s = 94151 - 22420. Is s a composite number?
True
Let f(g) = g**2 - 5*g - 55. Let s be f(-5). Is 3/((-6)/76270*s) composite?
True
Let r(t) = -404*t + 46. Let z(b) = 808*b - 93. Let w(y) = -5*r(y) - 3*z(y). Is w(-11) a prime number?
True
Let m be 5*(-293)/8 - (-1)/8. Suppose -t = -267 - 13. Let u = m + t. Is u composite?
False
Let a = 537 + -537. Suppose 0 = 2*i - r - 3553, a = -2*r + 10 - 0. Is i a prime number?
False
Suppose -6 = k + d - 10, -8 = -5*k - 2*d. Let j = 4 + -1. Suppose k = -j*o + 8*o - 1335. Is o a prime number?
False
Let d = -147 - -134. Let c = 20 + d. Let o(k) = 243*k - 46. Is o(c) a composite number?
True
Let q(m) = 134*m + 5. Let w(z) = z**3 + 3*z - 5. Let c be w(2). Let s be q(c). Suppose -s + 4949 = 6*v. Is v prime?
False
Let v = 7513 - 15533. Let g = 12975 + v. Is g a prime number?
False
Let k(u) be the second derivative of -45*u**3/2 + 2*u**2 + 439*u. Suppose 5*d + 25 = -0. Is k(d) prime?
False
Let n(a) = 85*a + 12. Let h(p) = -p + 27. Let x be h(18). Let u = x + -4. Is n(u) prime?
False
Suppose 76*x = 79*x - 2884119. Is x a prime number?
False
Suppose 0 = 3*k - 15, -4*k = a - 14 - 8. Suppose a*f + 5 = l + 2, -5*l + 3*f + 22 = 0. Suppose 5*p + 95 = l*s, 2*s - p = -2*s + 61. Is s a composite number?
True
Let v(f) = -f**3 + 6*f**2 + 9*f - 10. Let c be v(7). Suppose -7160 = -4*k + c*y + 2340, k - 2387 = 4*y. Is k a composite number?
False
Let k(q) = q**3 + 14*q**2 + q + 14. Let h be k(-14). Suppose -3*t + 5 + 4 = h. Suppose -5*x + 5*a = -1150, -4*a = t*x - 211 - 500. Is x a composite number?
False
Suppose -5*x - 3*z + 0*z - 18 = 0, -3*z = -2*x - 3. Let w be (-3 + 1 - 1*-9) + x. Suppose 0 = w*g + 5*a - 3566, -5*a + 2603 = 3*g - 74. Is g prime?
False
Let p(k) = 10*k**2 - 19*k - 38. Suppose -66 = -5*n + 11*n. Is p(n) a prime number?
True
Let s = 201575 + -137174. Is s prime?
False
Let z(x) = 12 + 2*x + 0*x**3 - x**3 + x - 5*x**2 + 5*x. Let f be z(-6). Suppose f = -40*a + 43*a - 429. Is a a composite number?
True
Let s(q) = -655 - 692 + 23*q + 1273. Is s(17) prime?
True
Let d = -80070 + 139904. Is d a prime number?
False
Let g(t) = -27*t**3 - 3*t**2 - t + 2. Let u be g(-2). Suppose 4*i - 1060 = -u. Suppose j + 2067 = 5*a - i, 3*a - 1346 = 5*j. Is a composite?
False
Let o = 14 - 14. Suppose 12*r - 4*r - 16 = o. Suppose -k - 3*h = -4*k + 1131, -5*k + r*h + 1891 = 0. Is k a prime number?
True
Suppose 3*p - 6679 - 2564 = 2*s, 3*p + s = 9243. Is p + 8/(-20)*5 a composite number?
False
Let y = 187 - 196. Let b(q) = -811*q**2 - 7*q - 5. Let i be b(-4). Is i/y - 10/45 composite?
False
Suppose -3*t = 2*i - 509, 3*t = 4*i + 5*t - 1022. Suppose 0 = 5*l + 2*g - 1458 + 190, -2*g = -l + i. Is l a prime number?
False
Let r(q) = 9*q**3 + 205*q**2 - 4*q + 21. Is r(-11) prime?
False
Let l(k) = 1088*k**3 - 7*k + 4. Let n(q) = 1088*q**3 - 8*q + 4. Let s(b) = 3*l(b) - 2*n(b). Is s(1) a prime number?
True
Suppose -24427 + 317231 = 41*u - 997425. Is u composite?
False
Let a(c) = 10198*c - 17. Let n(h) = -h**3 + h**2 + 3*h + 1. Let x be n(0). Is a(x) prime?
True
Suppose j - 152 = 5*j. Let l be j/(-9) + (-86)/(-18) + -5. Suppose 0 = -l*i + 7*i - 174. Is i a prime number?
False
Let a be (-12)/(-21) + (-30)/(-21). Suppose a*s = 8 + 2. Suppose 5*l + s*y = 6885, -3*l + 4147 = -y - 4*y. Is l composite?
True
Let q = -117104 - -219575. Is q composite?
True
Let c = 17239 - 15527. Let q = -767 - -1636. Let s = c - q. Is s composite?
True
Is (-184)/(-276)*39843/6 prime?
False
Is 1 + (-3)/((-3)/453023) + (-54)/54 composite?
False
Suppose f = -6*y + 1751455 + 6852616, 5*y + 2*f - 7170065 = 0. Is y prime?
True
Is 3/(-1)*(-8)/(-84) + 8044/28 a composite number?
True
Let h = 2099114 - 1260867. Is h prime?
True
Suppose -11*j = -5*j + 150. Let p = j - -31. Suppose 0 = p*f - 92 - 94. Is f a composite number?
False
Let a(u) = 736*u**2 - 151*u + 5234. Is a(29) a prime number?
True
Is ((-169757)/(-4))/((-41)/(1148/(-49))) prime?
True
Let q = -49852 - -72363. Is q composite?
False
Let r(x) = -x**3 + 2*x**2 + 3*x - 3. Suppose -39 = -9*p - 12. Let b be r(p). Let a(c) = -647*c + 8. Is a(b) a composite number?
False
Suppose 0 = 4*x + 211928 - 1073044. Is x a prime number?
True
Let v(n) = -31*n**3 - 3*n**2 - 9*n + 24. Let c(r) = 31*r**3 + 2*r**2 + 10*r - 24. Let w(a) = 3*c(a) + 4*v(a). Is w(-5) a composite number?
False
Suppose -7*i = -15283 - 14754. Let j = i - 1981. Let k = j + -1633. Is k a prime number?
True
Is ((-17638)/(-3))/1*204/(-168)*-21 prime?
False
Is 167763/5*(-8 - ((-115)/15 + -2)) composite?
False
Let j(h) = 219*h**2 + 11*h + 77. Is j(-19) a composite number?
True
Let j(b) = 181*b**2 - 30*b - 175. Let g(y) = -y + 8. Let n be g(14). Is j(n) composite?
False
Let o be 1*24 + (-28)/(-7). Suppose 0 = -4*a - 268 + o. Is (5/(-6))/5 + (-5110)/a a composite number?
True
Suppose 24*s = -14*s + 24662. Let f = s - -862. Is f composite?
False
Let k be (-33)/(-44)*16/6. Suppose -2*t + v = -4*t + 12497, -v = -k*t + 12491. Is t prime?
True
Let y be ((-573)/12 - (-12)/(-3))*-2460. Let c be 1611/45 + 12/(-15). Is y/c + (-5)/(35/2) a prime number?
True
Suppose 2*o = o + 5. Suppose -3*r + k = -4, -4*r - k = 22 - 32. Suppose r*i = -o*l + 4*i + 3941, 0 = -2*i - 6. Is l a composite number?
False
Suppose 4*p + p - 75283 = -2*r, 3 = -3*r. Is 4/6*p/6 composite?
True
Suppose 26 = -6*k + 38. Suppose -3*m = k*f + 2*f - 25, 5*f - 32 = -4*m. Suppose 242 + 247 = m*c. Is c prime?
True
Is 4/((-4)/(-58) + (-2563196)/37215961) a composite number?
True
Suppose 14*n - 51 + 23 = 0. Let j be 992/3*15/2. Suppose -5*l + j = 7*i - n*i, -l = -i + 498. Is i composite?
True
Let y = 1437028 + -860064. Suppose -y + 48348 = -44*q. Is q a composite number?
True
Is (-351598)/52*4/(-2) a composite number?
False
Let i = 493572 - 243263. Is i a prime number?
False
Let r(c) = 799*c - 306. Let v be r(13). Suppose -5*p + 2 = -3*p, -4*p + v = 3*l. Is l composite?
False
Suppose 5*r - 77 = -b, -5*b + 2*r = 4*r - 316. Let i = -96 - b. Is (0 + i)*143/(-26) composite?
True
Let u(g) = 189*g**2 + 62*g - 479. Is u(50) a composite number?
True
Let v be (-5)/((-10)/(-8))*(-14)/7. Suppose i = -v*i + 10719. Is i prime?
False
Let p = -143649 + 222428. Is p a composite number?
False
Suppose -4*u + 26 + 1 = 3*g, 5*g + 4*u - 37 = 0. Suppose g*t - 1 = -6, 3*a = -3*t + 966. Is a a composite number?
True
Suppose -18*v - 22 = -76. Suppose -5*z = -v*a + 1744, -2*a + z - 2*z + 1167 = 0. Is a a prime number?
False
Let v 